s the remainder when 16373 is divided by 16354?
19
Calculate the remainder when 2632 is divided by 53.
35
Calculate the remainder when 4696 is divided by 387.
52
What is the remainder when 50622 is divided by 14?
12
Calculate the remainder when 999454 is divided by 121.
115
What is the remainder when 33214 is divided by 35?
34
Calculate the remainder when 37408 is divided by 89.
28
What is the remainder when 37532 is divided by 494?
482
Calculate the remainder when 2280 is divided by 550.
80
Calculate the remainder when 4883 is divided by 1624.
11
What is the remainder when 31008 is divided by 2817?
21
Calculate the remainder when 7562 is divided by 3743.
76
Calculate the remainder when 32800 is divided by 213.
211
Calculate the remainder when 1243 is divided by 964.
279
Calculate the remainder when 29737 is divided by 9902.
31
What is the remainder when 4438 is divided by 20?
18
Calculate the remainder when 12989 is divided by 19.
12
Calculate the remainder when 4828 is divided by 257.
202
Calculate the remainder when 57469 is divided by 835.
689
Calculate the remainder when 5268 is divided by 13.
3
What is the remainder when 96774 is divided by 79?
78
What is the remainder when 45760 is divided by 143?
0
Calculate the remainder when 89922 is divided by 461.
27
What is the remainder when 86879 is divided by 17?
9
Calculate the remainder when 11321 is divided by 75.
71
What is the remainder when 6431 is divided by 492?
35
What is the remainder when 59523 is divided by 141?
21
What is the remainder when 313807 is divided by 87?
85
Calculate the remainder when 1264613 is divided by 11.
9
Calculate the remainder when 952724 is divided by 8.
4
Calculate the remainder when 5568 is divided by 15.
3
What is the remainder when 27488 is divided by 377?
344
What is the remainder when 189783 is divided by 52?
35
What is the remainder when 22333 is divided by 46?
23
Calculate the remainder when 60563 is divided by 10092.
11
Calculate the remainder when 2158578 is divided by 212.
206
Calculate the remainder when 339475 is divided by 115.
110
What is the remainder when 11514 is divided by 2820?
234
Calculate the remainder when 34865 is divided by 118.
55
Calculate the remainder when 24005 is divided by 546.
527
What is the remainder when 4407 is divided by 550?
7
What is the remainder when 2196 is divided by 457?
368
Calculate the remainder when 1218 is divided by 25.
18
What is the remainder when 780 is divided by 62?
36
Calculate the remainder when 1461 is divided by 21.
12
Calculate the remainder when 2891 is divided by 576.
11
What is the remainder when 45384 is divided by 41?
38
Calculate the remainder when 2477 is divided by 420.
377
Calculate the remainder when 674092 is divided by 31.
28
Calculate the remainder when 148179 is divided by 956.
955
Calculate the remainder when 17912 is divided by 106.
104
Calculate the remainder when 2353 is divided by 971.
411
What is the remainder when 11889 is divided by 38?
33
What is the remainder when 5435 is divided by 904?
11
Calculate the remainder when 1788287 is divided by 5.
2
Calculate the remainder when 29833 is divided by 597.
580
What is the remainder when 31543 is divided by 1017?
16
What is the remainder when 3112 is divided by 161?
53
What is the remainder when 158749 is divided by 79368?
13
Calculate the remainder when 8978 is divided by 8844.
134
What is the remainder when 74169 is divided by 20?
9
Calculate the remainder when 92081 is divided by 677.
9
Calculate the remainder when 6985 is divided by 140.
125
Calculate the remainder when 605082 is divided by 87.
84
Calculate the remainder when 3003 is divided by 661.
359
What is the remainder when 69309 is divided by 239?
238
What is the remainder when 12568 is divided by 2507?
33
What is the remainder when 166671 is divided by 90?
81
Calculate the remainder when 38268 is divided by 1319.
17
What is the remainder when 16652 is divided by 1561?
1042
Calculate the remainder when 351 is divided by 170.
11
What is the remainder when 28482 is divided by 2577?
135
What is the remainder when 637 is divided by 256?
125
Calculate the remainder when 4577 is divided by 218.
217
What is the remainder when 1777 is divided by 129?
100
Calculate the remainder when 47208 is divided by 12.
0
Calculate the remainder when 1937479 is divided by 1057.
1055
Calculate the remainder when 1114029 is divided by 557009.
11
Calculate the remainder when 118368 is divided by 35.
33
What is the remainder when 8626 is divided by 4274?
78
Calculate the remainder when 917085 is divided by 229271.
1
What is the remainder when 4017 is divided by 2007?
3
Calculate the remainder when 13259 is divided by 888.
827
What is the remainder when 1490179 is divided by 94?
91
What is the remainder when 402055 is divided by 24?
7
Calculate the remainder when 36089 is divided by 47.
40
Calculate the remainder when 539478 is divided by 366.
360
Calculate the remainder when 8276 is divided by 550.
26
Calculate the remainder when 13618 is divided by 2259.
64
What is the remainder when 4779 is divided by 640?
299
What is the remainder when 11586 is divided by 2866?
122
Calculate the remainder when 6610 is divided by 3305.
0
What is the remainder when 5774 is divided by 1924?
2
What is the remainder when 5908 is divided by 454?
6
What is the remainder when 26927 is divided by 6725?
27
Calculate the remainder when 662587 is divided by 249.
247
Calculate the remainder when 9309 is divided by 1540.
69
Calculate the remainder when 1408447 is divided by 850.
847
What is the remainder when 922495 is divided by 33?
13
Calculate the remainder when 287714 is divided by 1296.
2
What is the remainder when 177316 is divided by 690?
676
What is the remainder when 183227 is divided by 409?
404
Calculate the remainder when 230825 is divided by 1094.
1085
Calculate the remainder when 9163 is divided by 77.
0
Calculate the remainder when 57148 is divided by 15.
13
Calculate the remainder when 21302 is divided by 504.
134
What is the remainder when 139734 is divided by 109?
105
What is the remainder when 55598 is divided by 100?
98
Calculate the remainder when 3272 is divided by 5.
2
Calculate the remainder when 7425 is divided by 7398.
27
What is the remainder when 18209 is divided by 4552?
1
Calculate the remainder when 714191 is divided by 9.
5
Calculate the remainder when 23911 is divided by 14.
13
Calculate the remainder when 2287 is divided by 612.
451
What is the remainder when 851 is divided by 133?
53
Calculate the remainder when 22063 is divided by 759.
52
What is the remainder when 9062547 is divided by 1890?
1887
What is the remainder when 284097 is divided by 100?
97
Calculate the remainder when 1416 is divided by 42.
30
Calculate the remainder when 149538 is divided by 261.
246
What is the remainder when 275 is divided by 259?
16
What is the remainder when 473828 is divided by 245?
243
What is the remainder when 128768 is divided by 163?
161
Calculate the remainder when 5416 is divided by 95.
1
What is the remainder when 6871 is divided by 245?
11
Calculate the remainder when 7938 is divided by 1801.
734
What is the remainder when 5759 is divided by 1828?
275
Calculate the remainder when 21637 is divided by 29.
3
What is the remainder when 18774 is divided by 7?
0
What is the remainder when 685 is divided by 336?
13
Calculate the remainder when 12428 is divided by 90.
8
Calculate the remainder when 238 is divided by 4.
2
What is the remainder when 2301 is divided by 385?
376
Calculate the remainder when 30398 is divided by 5065.
8
What is the remainder when 20117 is divided by 6208?
1493
What is the remainder when 1537 is divided by 122?
73
What is the remainder when 16905 is divided by 83?
56
What is the remainder when 10361 is divided by 47?
21
What is the remainder when 589 is divided by 21?
1
Calculate the remainder when 3852 is divided by 3182.
670
Calculate the remainder when 295118 is divided by 813.
812
Calculate the remainder when 5133 is divided by 5117.
16
Calculate the remainder when 3115 is divided by 1373.
369
What is the remainder when 18747 is divided by 30?
27
Calculate the remainder when 4490 is divided by 35.
10
What is the remainder when 112878 is divided by 92?
86
What is the rem